
Is 8 a factor of 4956986?
False
Is 921180945 a multiple of 1544?
False
Is 2 a factor of 57562949?
False
Does 126 divide 1098197797?
False
Is 5821378323 a multiple of 12937?
True
Is 529 a factor of 980877414?
False
Is 3847797360 a multiple of 88?
True
Does 2301 divide 336512558?
False
Does 1566 divide 126634423?
False
Is 2233142770 a multiple of 129?
False
Is 29 a factor of 21156932?
False
Does 1676 divide 177976116?
True
Is 161456786 a multiple of 30?
False
Is 1686 a factor of 897844151?
False
Does 5 divide 379770?
True
Is 163445260 a multiple of 913?
True
Is 29594083 a multiple of 853?
False
Is 599658 a multiple of 10?
False
Is 5 a factor of 736753?
False
Is 26 a factor of 142313914?
False
Is 69570823 a multiple of 791?
True
Is 65931063 a multiple of 6?
False
Is 52783122 a multiple of 3?
True
Does 4632 divide 1054882416?
True
Is 1991 a factor of 53194764?
False
Does 11 divide 1042997549?
True
Is 63 a factor of 178422058?
False
Is 1888557012 a multiple of 2628?
True
Does 70 divide 768963860?
True
Is 4270 a factor of 170037346?
False
Is 288 a factor of 12046602?
False
Is 17741800 a multiple of 1209?
False
Does 228 divide 18676848?
True
Is 1489747896 a multiple of 312?
True
Is 1650 a factor of 495102300?
True
Does 5 divide 3250728?
False
Is 19 a factor of 2947698?
True
Is 318896550 a multiple of 1050?
True
Is 1914496480 a multiple of 1105?
True
Is 40464686 a multiple of 419?
False
Is 4 a factor of 135639316?
True
Is 8668141 a multiple of 167?
False
Is 278 a factor of 18252646?
True
Is 4722003 a multiple of 1287?
True
Does 4 divide 5794364?
True
Is 558213258 a multiple of 32?
False
Is 148485513 a multiple of 57?
True
Is 17215715 a multiple of 16?
False
Is 7033203 a multiple of 27?
True
Is 58 a factor of 1382241558?
True
Is 526050318 a multiple of 311?
False
Is 47347609 a multiple of 405?
False
Does 14 divide 4412772?
True
Is 491366515 a multiple of 179?
False
Does 30 divide 61850940?
True
Does 62 divide 145071072?
True
Is 172877181 a multiple of 217?
False
Is 16229584 a multiple of 1141?
True
Is 13882932 a multiple of 226?
False
Is 7769027 a multiple of 138?
False
Does 2 divide 37296664?
True
Is 163 a factor of 13478633?
True
Is 56732040 a multiple of 5?
True
Is 401 a factor of 33629282?
False
Does 3864 divide 94837202?
False
Is 22 a factor of 1090070446?
False
Is 1772687780 a multiple of 20?
True
Is 5291755 a multiple of 2?
False
Is 1977 a factor of 2700192125?
False
Is 356 a factor of 76441488?
False
Does 13 divide 962608?
False
Is 20 a factor of 37428938?
False
Is 167264928 a multiple of 75?
False
Is 252 a factor of 1859124083?
False
Is 370169646 a multiple of 3333?
True
Does 73 divide 18940415?
False
Is 12 a factor of 5511600?
True
Is 52699344 a multiple of 469?
False
Is 1036224 a multiple of 1344?
True
Does 135 divide 1751945?
False
Does 136 divide 1210336655?
False
Is 6 a factor of 683317995?
False
Does 243 divide 12738060?
True
Is 8383820 a multiple of 122?
False
Is 134987648 a multiple of 673?
True
Does 8 divide 15924379?
False
Is 17 a factor of 1244846250?
True
Does 115 divide 1518887340?
True
Is 4 a factor of 6654952?
True
Is 11 a factor of 42424305?
True
Is 27391104 a multiple of 96?
True
Is 1512 a factor of 259542360?
True
Does 354 divide 1344881046?
True
Is 1677 a factor of 66484665?
True
Is 100 a factor of 35297302?
False
Is 51338430 a multiple of 165?
True
Is 90826816 a multiple of 483?
False
Is 8058152 a multiple of 2?
True
Does 23 divide 106111044?
False
Is 22901227 a multiple of 30?
False
Is 2838 a factor of 55084455?
False
Does 25 divide 54834700?
True
Is 112851676 a multiple of 226?
False
Is 7659806 a multiple of 7?
True
Is 824626849 a multiple of 77?
False
Does 33 divide 105509088?
False
Is 4085 a factor of 838688098?
False
Is 290223353 a multiple of 64?
False
Is 2576804244 a multiple of 53?
True
Does 101 divide 30113150?
True
Is 759444230 a multiple of 19?
False
Is 5546484610 a multiple of 14723?
False
Is 419860911 a multiple of 754?
False
Is 74605065 a multiple of 939?
False
Is 61485863 a multiple of 598?
False
Is 17 a factor of 148299534?
True
Is 402266997 a multiple of 111?
True
Is 75666272 a multiple of 12?
False
Does 1172 divide 713809987?
False
Does 136 divide 412110328?
True
Is 1137 a factor of 995835945?
False
Does 1166 divide 57067364?
False
Is 20 a factor of 484715260?
True
Is 20 a factor of 157091064?
False
Is 140632116 a multiple of 82?
False
Is 142942624 a multiple of 304?
True
Is 393210 a multiple of 510?
True
Is 97892249 a multiple of 11?
False
Does 4316 divide 675061244?
True
Does 19 divide 709944253?
True
Is 732573204 a multiple of 33?
True
Is 126305152 a multiple of 14?
False
Does 99 divide 245230128?
True
Is 119372653 a multiple of 4494?
False
Is 108315272 a multiple of 1772?
True
Is 45 a factor of 80975745?
True
Is 996383 a multiple of 18?
False
Is 24 a factor of 191793134?
False
Is 51 a factor of 90568140?
False
Is 2022 a factor of 38161067?
False
Is 1569867014 a multiple of 4242?
False
Is 122071720 a multiple of 71?
True
Does 137 divide 726821853?
True
Is 8422 a factor of 937629682?
True
Is 51863307 a multiple of 4670?
False
Is 57582495 a multiple of 10?
False
Is 327 a factor of 35717883?
True
Is 22339609 a multiple of 474?
False
Is 105258713 a multiple of 731?
False
Does 43 divide 46329757?
False
Is 16887618 a multiple of 303?
False
Is 28472884 a multiple of 9?
False
Is 915 a factor of 796021824?
False
Is 71 a factor of 699145192?
False
Is 716 a factor of 118388179?
False
Does 188 divide 21594620?
True
Does 388 divide 2338668836?
True
Is 118 a factor of 54169915?
False
Is 176 a factor of 197301456?
True
Is 1139283983 a multiple of 224?
False
Is 1687475 a multiple of 2?
False
Is 1587 a factor of 27256029?
False
Does 128 divide 601243264?
True
Is 19 a factor of 1158253604?
True
Is 177 a factor of 158831658?
True
Does 40 divide 1731535911?
False
Is 163 a factor of 4549493?
True
Is 20 a factor of 916697583?
False
Is 29 a factor of 29882239?
False
Is 2 a factor of 534314229?
False
Does 160 divide 9299732?
False
Is 407 a factor of 113356810?
False
Is 6 a factor of 554760827?
False
Is 152246664 a multiple of 428?
False
Is 1456 a factor of 280496896?
False
Is 17 a factor of 3339527396?
True
Does 830 divide 185887353?
False
Is 109712694 a multiple of 78?
True
Is 54142599 a multiple of 282?
False
Does 349 divide 111429626?
False
Is 2503346 a multiple of 74?
True
Is 140 a factor of 130988060?
True
Is 11 a factor of 466758233?
False
Is 109350854 a multiple of 21?
False
Is 265 a factor of 15642685?
True
Is 1225007364 a multiple of 2127?
True
Does 26 divide 157119664?
True
Is 626 a factor of 27964317?
False
Is 70573008 a multiple of 29?
True
Does 11 divide 504040273?
True
Is 42819504 a multiple of 28?
True
Is 7463 a factor of 426922463?
False
Does 3 divide 57696943?
False
Is 185749525 a multiple of 325?
True
Is 7 a factor of 19669883?
False
Does 335 divide 49210830?
True
Is 200 a factor of 81020200?
True
Is 19194675 a multiple of 75?
True
Is 34660981 a multiple of 2032?
False
Is 181 a factor of 2912372?
False
Is 320763079 a multiple of 13?
True
Is 15517590 a multiple of 118?
True
Is 481 a factor of 409472905?
False
Is 33 a factor of 653855906?
False
Does 19 divide 3573045?
True
Does 158 divide 1937069709?
False
Is 1196 a factor of 131523956?
False
Does 12 divide 20529898?
False
Is 12715456 a multiple of 884?
True
Does 1387 divide 5962753223?
True
Does 998 divide 1257665628?
True
Does 4 divide 21666906?
False
Does 36 divide 87669072?
True
Does 19 divide 495856579?
False
Is 925074855 a multiple of 483?
False
Is 64721555 a multiple of 3?
False
Is 418 a factor of 5514256?
True
Is 6705 a factor of 1160876880?
True
Is 1687 a factor of 187109631?
False
Does 2875 divide 1116299250?
True
Is 10119122 a multiple of 73?
False
Is 21 a factor of 34476364?
False
Is 4053208 a multiple of 8?
True
Does 406 divide 225401050?
True
Is 60329881 a multiple of 2929?
False
Does 11 divide 25084678?
False
Is 1714766 a multiple of 194?
True
Is 29801333 a multiple of 4?
False
Does 69 divide 5263251?
True
Is 92 a factor of 11795651?
False
Is 24 a factor of 95170191?
False
Is 135 a factor of 47248245?
True
Is 90960677 a multiple of 565?
False
Is 5144524170 a multiple of 14174?
True
Does 2201 divide 287826971?
True
Is 635823817 a multiple of